omposite number?
True
Is 38989 composite?
True
Is 186179 prime?
False
Is 1157 a prime number?
False
Is 28801 composite?
True
Is 40045 a composite number?
True
Is 99205 a composite number?
True
Is 9091 composite?
False
Is 7403 a prime number?
False
Is 26539 composite?
False
Is 1579331 composite?
True
Is 147283 prime?
True
Is 370559 a composite number?
True
Is 102239 composite?
True
Is 409553 a composite number?
True
Is 132929 a prime number?
True
Is 57997 a composite number?
True
Is 29123 prime?
True
Is 4859 prime?
False
Is 118666 a prime number?
False
Is 448793 a composite number?
False
Is 178241 prime?
False
Is 47203 prime?
False
Is 3647 a composite number?
True
Is 3065 a prime number?
False
Is 53893 prime?
False
Is 772517 a composite number?
False
Is 42611 a composite number?
False
Is 387643 a composite number?
True
Is 13607 a prime number?
False
Is 15581 a composite number?
False
Is 3277 a prime number?
False
Is 140431 a prime number?
False
Is 529871 a composite number?
False
Is 10061 prime?
True
Is 108538 a composite number?
True
Is 1477 a composite number?
True
Is 24441 a prime number?
False
Is 3511 a composite number?
False
Is 80035 a prime number?
False
Is 18637 a prime number?
True
Is 131723 a prime number?
False
Is 204353 composite?
False
Is 203909 composite?
False
Is 1345 composite?
True
Is 13403 composite?
True
Is 258631 prime?
True
Is 21635 prime?
False
Is 531091 a prime number?
False
Is 1543 prime?
True
Is 5731 prime?
False
Is 25061 a prime number?
False
Is 18563 composite?
True
Is 475583 a composite number?
False
Is 26583 prime?
False
Is 33171 a composite number?
True
Is 1697915 prime?
False
Is 7411 a composite number?
False
Is 467413 prime?
False
Is 73713 a prime number?
False
Is 29663 composite?
False
Is 7183 a composite number?
True
Is 1523 prime?
True
Is 905939 prime?
False
Is 19651 prime?
False
Is 51941 prime?
True
Is 588329 composite?
True
Is 214301 a prime number?
False
Is 229193 a composite number?
True
Is 5257 prime?
False
Is 7283 prime?
True
Is 42043 prime?
True
Is 11587 a composite number?
False
Is 74 prime?
False
Is 13327 composite?
False
Is 292901 prime?
False
Is 36083 a prime number?
True
Is 4637 a prime number?
True
Is 1597 a prime number?
True
Is 10037 prime?
True
Is 3761 composite?
False
Is 36151 a prime number?
True
Is 811 composite?
False
Is 2517 prime?
False
Is 3013 prime?
False
Is 50221 composite?
False
Is 21377 a composite number?
False
Is 229853 a composite number?
True
Is 374219 a composite number?
False
Is 8039 a composite number?
False
Is 10517 a composite number?
True
Is 107561 prime?
False
Is 6757 prime?
False
Is 601357 a prime number?
True
Is 1481 prime?
True
Is 6197 composite?
False
Is 28111 composite?
False
Is 2625641 a prime number?
True
Is 294521 a composite number?
True
Is 1103797 a composite number?
False
Is 219005 a prime number?
False
Is 838 a prime number?
False
Is 14429 a composite number?
True
Is 35983 composite?
False
Is 60713 composite?
True
Is 9100787 a composite number?
False
Is 5933 composite?
True
Is 39709 a composite number?
False
Is 94538 a prime number?
False
Is 55439 prime?
True
Is 6521 prime?
True
Is 224101 prime?
True
Is 445 composite?
True
Is 410923 prime?
False
Is 6737 prime?
True
Is 889 composite?
True
Is 18679 prime?
True
Is 2707879 composite?
True
Is 688861 composite?
False
Is 61937 a composite number?
True
Is 150169 prime?
True
Is 129841 composite?
False
Is 24943 a composite number?
False
Is 869039 prime?
True
Is 22171 a prime number?
True
Is 24833 composite?
True
Is 5981 a composite number?
False
Is 32017 prime?
False
Is 2039 a prime number?
True
Is 177979 composite?
False
Is 6599 a prime number?
True
Is 2813 a prime number?
False
Is 53477 composite?
True
Is 327307 a prime number?
True
Is 135857 a prime number?
False
Is 1777 a composite number?
False
Is 12023 composite?
True
Is 3698647 composite?
False
Is 3691 a prime number?
True
Is 3313 prime?
True
Is 6218 a composite number?
True
Is 21001 composite?
False
Is 34477 a composite number?
True
Is 12437 composite?
False
Is 211 a prime number?
True
Is 9569 a prime number?
False
Is 363859 a prime number?
False
Is 33895 a composite number?
True
Is 276707 composite?
False
Is 115963 a prime number?
True
Is 26389 prime?
False
Is 274441 composite?
False
Is 11255 a prime number?
False
Is 126397 a composite number?
False
Is 156895 a composite number?
True
Is 825977 a composite number?
True
Is 1558061 a prime number?
True
Is 4111 composite?
False
Is 74471 a composite number?
False
Is 397589 prime?
True
Is 21251 a composite number?
True
Is 58933 composite?
True
Is 180211 a composite number?
False
Is 6947 a composite number?
False
Is 762709 prime?
False
Is 22229 a prime number?
True
Is 129439 composite?
False
Is 961801 a prime number?
False
Is 487457 composite?
False
Is 1553 a prime number?
True
Is 2610941 a composite number?
True
Is 36511 prime?
False
Is 6007 composite?
False
Is 58103 a composite number?
True
Is 8843 a prime number?
False
Is 100447 a prime number?
True
Is 80386 a prime number?
False
Is 282407 prime?
True
Is 267541 composite?
False
Is 46049 prime?
True
Is 67903 a prime number?
False
Is 833615 a prime number?
False
Is 21541 a composite number?
True
Is 21887 composite?
True
Is 95721 prime?
False
Is 16547 a prime number?
True
Is 1028243 a prime number?
True
Is 15349 prime?
True
Is 675911 prime?
False
Is 104087 a composite number?
False
Is 39499 prime?
True
Is 45481 a composite number?
False
Is 4894 a composite number?
True
Is 188633 a composite number?
False
Is 1779 a composite number?
True
Is 5981 composite?
False
Is 524831 a composite number?
False
Is 3203 prime?
True
Is 12869 composite?
True
Is 16817 a prime number?
False
Is 1584481 composite?
False
Is 124427 a composite number?
False
Is 33817 a composite number?
True
Is 1533669 composite?
True
Is 926774 a composite number?
True
Is 12763 a prime number?
True
Is 2737937 composite?
False
Is 4283 a prime number?
True
Is 1555973 a prime number?
False
Is 2823 a prime number?
False
Is 213539 composite?
False
Is 1158233 a prime number?
False
Is 93657 a prime number?
False
Is 470149 prime?
True
Is 2705 a composite number?
True
Is 1372243 a prime number?
True
Is 18317 composite?
True
Is 10063 a prime number?
False
Is 1505563 a composite number?
False
Is 1706 composite?
True
Is 2939 a prime number?
True
Is 16837 prime?
False
Is 358931 a composite number?
False
Is 445411 composite?
True
Is 89 a composite number?
False
Is 20089 a prime number?
True
Is 768391 composite?
True
Is 477593 composite?
False
Is 5833 a composite number?
True
Is 21899 a composite number?
True
Is 1501471 a composite number?
False
Is 30779 prime?
False
Is 628059 composite?
True
Is 7621 prime?
True
Is 339886 a prime number?
False
Is 68371 a prime number?
True
Is 105319 a prime number?
True
Is 2707 a prime number?
True
Is 62614 a composite number?
True
Is 2321 a prime number?
False
Is 108879 a prime number?
False
Is 1042 a composite number?
True
Is 1160567 composite?
False
Is 457757 composite?
False
Is 295985 prime?
False
Is 31769 composite?
False
Is 9967 a prime number?
True
Is 93749 composite?
True
Is 907 a prime number?
True
Is 116569 a composite number?
True
Is 437397 a composite number?
True
Is 2497 composite?
True
Is 288593 composite?
True
Is 556159 a composite number?
False
Is 8009 prime?
True
Is 94193 composite?
True
Is 7501 composite?
True
Is 2248697 a prime number?
False
Is 29239 prime?
False
Is 1481 composite?
False
Is 104117 prime?
False
Is 13523 a composite number?
False
Is 16917 a composite number?
True
Is 206177 composite?
False
Is 118343 a composite number?
False
Is 1668211 composite?
False
Is 98167 a prime number?
False
Is 51046 a composite number?
True
Is 45361 a prime number?
True
Is 15883 a composite number?
True
Is 10805 a composite number?
True
Is 7079 a prime number?
True
Is 22241 composite?
True
Is 28261 composite?
True
Is 9617 a composite number?
True
Is 86737 prime?
False
Is 1041269 a prime number?
True
Is 83023 a composite number?
False
Is 1277089 prime?
False
Is 3683 a prime number?
False
Is 287791 prime?
False
Is 543551 a prime number?
True
Is 310699 a composite number?
True
Is 408413 a composite number?
False
Is 26929 composite?
True
Is 95177 prime?
True
Is 977635 composite?
Tr